Let r be ((-1)/(-4))/((-15)/(-180)). Suppose r*a = -4*y - 0*a, 4*y - 2*a = 0. Suppose y = 6*k - k - 345. What are the prime factors of k?
3, 23
Suppose 7*z = 10*z + 3. Let p be (1/(-3) + (-605)/(-33))*z. Let b = 44 + p. What are the prime factors of b?
2, 13
Suppose -2*s + 1910 = -152. Suppose 3*i - 637 - s = 0. Let q = i - 312. List the prime factors of q.
2, 61
Suppose 373*a + 25 = 378*a. Suppose 4*j - a*f = 66 + 715, 3*f = -4*j + 741. What are the prime factors of j?
3, 7
Let w = -102 + 112. Let o(h) = -2 - w*h**3 + 8*h**2 + 6*h**3 + 5*h**3 + 7*h. What are the prime factors of o(-5)?
2, 19
Let a(f) = -2*f**3 - 4*f**2 - 5*f + 3. Suppose 4*y + 0 = 12. Let r be -1*(-2 - -3)*y. What are the prime factors of a(r)?
2, 3
Let c = -120 - -134. List the prime factors of 18/c + -1 + (-26883)/(-63).
7, 61
List the prime factors of (952332/1098)/(((-8)/54)/(-2)).
3, 1301
Let m = 4627 - 2558. Let a = m - 1108. List the prime factors of a.
31
Let o(v) = -2*v**3 - 20*v**2 - 45*v + 36. Let c(f) = -f**3 - 10*f**2 - 23*f + 17. Let g(p) = -13*c(p) + 6*o(p). What are the prime factors of g(6)?
5, 149
Let k = -4013 - -5319. What are the prime factors of k?
2, 653
Suppose -m + u + 24 = 4*m, -3*u + 4 = 4*m. Let c(y) = -20*y + 3. Let a be c(0). Suppose -m*x = a*x - 294. List the prime factors of x.
2, 3, 7
Suppose -178*i + 179*i + 4*x = 950, x = 4*i - 3834. What are the prime factors of i?
2, 479
Let p be 130/(-4) - (-2)/4. Let l = -17 - p. Suppose -l = -4*k - 7. List the prime factors of k.
2
Suppose -24*p + 21*p = -69. Suppose 0 = -30*o + p*o + 1015. List the prime factors of o.
5, 29
Suppose 18*q = 31*q - 6643. Suppose -8 - 2 = 2*w, -2*v = 3*w - q. What are the prime factors of v?
263
List the prime factors of (-282522*4/(-48) + 2)*2/3.
11, 1427
Suppose -64*t + 44*t + 80 = 0. What are the prime factors of t?
2
Suppose 23*h - 118*h = 431366 - 1584476. List the prime factors of h.
2, 3, 7, 17
Let p be (-5)/(-1) + 1060 + (2 - 1). Let c = -427 + p. What are the prime factors of c?
3, 71
Suppose 36*g - 32*g - 20 = 0. Suppose g*q - 3*q - 235 = 5*b, 0 = -2*b + 10. List the prime factors of q.
2, 5, 13
Suppose -3*m - 5*t = -6 - 10, 5*t = 3*m - 56. Suppose 0 = m*s - 5*s - 1512. What are the prime factors of s?
2, 3
Let b be (1 + 12/(-20))/((-2)/70). Let r be (7 + -5)*b/4. What are the prime factors of 7*(4 - (-26)/r)?
2
Suppose -7*a = -9*a - 202. Let h = a + 101. Suppose 2*l + 2*o - 374 = 0, 5*o + h*o = 2*l - 402. List the prime factors of l.
191
Let x = 104 + -89. List the prime factors of 390/(-4*x/(-40)).
2, 5, 13
Let r be (56/3)/(5/(-15)). Let g be (-18)/(-21)*r/(-4). Suppose -33*m = -32*m - g. What are the prime factors of m?
2, 3
Suppose 57*z - 68302 = 20*z. Suppose 66*r - 62*r - 2*g - 3712 = 0, -2*r + z = 4*g. List the prime factors of r.
3, 103
Let z(o) = -4*o**2 + 4*o - 36. Let r(i) = -3*i**2 + 5*i - 36. Let m(h) = -3*r(h) + 2*z(h). List the prime factors of m(7).
2, 3
Let f(s) = 1891*s**2 - 70*s - 134. List the prime factors of f(-3).
5, 13, 263
Let v = 237 + -239. What are the prime factors of ((-402)/(-18))/(v/(-144))?
2, 3, 67
Let p(k) = -17*k + 1. Let u = 186 + -190. List the prime factors of p(u).
3, 23
Let s(m) = -3*m**2 + 8*m - 7. Let a be s(6). Let q be ((-6)/4)/((-15)/20). List the prime factors of -4 - a - (q - -1).
2, 3, 5
Let u(l) = -4*l**2 - 40*l - 9. Let j be u(-10). What are the prime factors of 2113/3 + (-6)/j?
3, 5, 47
Let r(p) = 46*p - 30. Let z(d) = -d - 1. Let s(h) = -r(h) - 3*z(h). List the prime factors of s(-21).
2, 3, 13
Suppose -54*i = -48*i + 9390. Let b = -939 - i. What are the prime factors of b?
2, 313
Let s(t) = t**2 + 3*t - 3. Let r be s(-3). Suppose w - 2*u = -u - 9, 0 = -2*w - 3*u - 3. List the prime factors of (w/(-9))/(r/(-234)).
2, 13
Let s(r) = 4239*r**2 + 10*r + 8. What are the prime factors of s(-1)?
19, 223
Let u = 7118 + -4341. What are the prime factors of u?
2777
Let n = 57 - 55. Suppose -5*p = -15, o + n*p - 132 - 182 = 0. Suppose -3*l + o = 2*u + 77, -5*u + 2*l + 549 = 0. List the prime factors of u.
3, 37
Suppose 1016 = -5*f + 4*f + u, u = 3*f + 3044. What are the prime factors of (f/7)/((-15)/105)?
2, 3, 13
Suppose -2*b = 5*t - 0*b - 72, -3*b = 2*t - 20. List the prime factors of 298/t + (-21)/(-56).
19
Let t(v) be the second derivative of v**5/20 + v**3/3 + 19*v**2/2 + 19*v. Let r be t(7). Suppose 8*b - 4*b - r = 0. List the prime factors of b.
2, 47
Suppose -4*o = 38 - 114. Suppose 6*f - o = 413. What are the prime factors of 54/f - 1930/(-8)?
2, 11
Let m(g) = 1901*g + 38. What are the prime factors of m(2)?
2, 3, 5
Let z(q) = q**3 - 13*q**2 + 6*q + 7. Let l be z(12). Let n = l - -95. List the prime factors of 234/4*20/n.
3, 13
Let w = 161177 - 113781. What are the prime factors of w?
2, 17, 41
Suppose 4*d - 6*d - 626 = 0. Let x = d - -652. Suppose 0*r + x = 3*r. What are the prime factors of r?
113
Let k = 13256 - 4112. What are the prime factors of k?
2, 3, 127
Let v = -67 - -74. Let h(j) = -24 - j + v*j + j + 4*j. List the prime factors of h(13).
7, 17
Suppose -194*i + 196*i + 12352 = 5*o, 2*i + 2464 = o. What are the prime factors of o?
2, 3, 103
Suppose 2*x - 7*x + 3*b - 19 = 0, -5*x - 22 = -4*b. Let n(q) = -31*q**3 - q**2 + q + 7. What are the prime factors of n(x)?
3, 83
Let z = -13 - -5. List the prime factors of (4/z)/(8/(-2832)).
3, 59
Let f be (-110)/(-4) - 80/32. Suppose f*u - 31*u = -1026. What are the prime factors of u?
3, 19
Let n(o) = 6*o + 14. Let s be n(-2). Suppose 0 = -r + 5*l + 142, -5*r + 2*l + 689 = -s*l. List the prime factors of r.
137
Suppose 5231 = 3*q - 2*h + 4*h, -h + 4 = 0. Suppose 0 = 2*w + 5*k - q, 2*k - 1738 = 26*w - 28*w. List the prime factors of w.
2, 7, 31
Let v be 584/(-10)*(-11825)/110. Suppose v = 10*w - 562. What are the prime factors of w?
2, 3, 19
Let z(h) = 4*h - 7. Let d be z(6). Let g(q) be the first derivative of 5*q**2/2 + 21*q - 2052. What are the prime factors of g(d)?
2, 53
Let q be 0/(-2)*(-16)/(-32). Let u(o) be the third derivative of o**6/120 + 43*o**3/3 + 29*o**2. List the prime factors of u(q).
2, 43
Let s(w) = -24*w + 30. Let x(u) = -2*u**2 + 2*u. Let a be x(-1). Let h = -1 + a. What are the prime factors of s(h)?
2, 3, 5
Suppose 3*q - w - 39 = 4*w, 4*w + 28 = 2*q. Let j(s) = 2*s**3 + s**2 - 4*s + 30. What are the prime factors of j(q)?
2, 3, 181
Suppose -r = 4*r, 5*k - 2*r = 55. Let l = k + -14. What are the prime factors of (-67)/(-5 + (l - -7))?
67
Let a(y) = -4*y**2 - 57*y + 59. Let m be a(-27). What are the prime factors of (0 - m) + -7 + 9?
2, 3, 5, 11
Let n = -36140 - -52090. What are the prime factors of n?
2, 5, 11, 29
Suppose 0 = -s + 19 - 16. Suppose -g = 2*z - 357, 1226 - 155 = 3*g + s*z. What are the prime factors of g?
3, 7, 17
Suppose -60*w - 257*w + 40*w + 14814791 = 0. List the prime factors of w.
79, 677
Suppose -500 + 533 = 11*h. Suppose -15 + 5 = -5*p. List the prime factors of p/h*2 + (-6830)/(-30).
229
Suppose 120*f - 112*f + 168 = 0. Let x(h) = 3*h**3 + 66*h**2 + 33*h + 35. What are the prime factors of x(f)?
5, 7, 19
Let d(t) = -710*t - 6429. What are the prime factors of d(-54)?
3, 11, 967
Suppose -15*u + 4512 = -23*u. What are the prime factors of (-31)/((-62)/u)*(-2)/3?
2, 47
Let y(f) = 36*f - 104 + 18*f - 237. List the prime factors of y(12).
307
Let g = 10317 - -9439. List the prime factors of g.
2, 11, 449
Let r be ((-4 + 3)*6)/((-6)/4). Suppose x = -5*f - 7, 4*f + 2*x = 3*f + r. What are the prime factors of ((-2760)/13)/f + 6/(-39)?
2, 53
Let y = 165 + -59. List the prime factors of y/6 - (-18)/(-27).
17
Suppose 13963 = -10*r + 27*r - 776. List the prime factors of r.
3, 17
Suppose 5*j - 2*g - 11960 = 0, 4384 = 2*j - 2*g - 394. List the prime factors of j.
2, 3, 7, 19
Let t be 4400 + 0 + -1 + -38 + 40. Suppose -4*i + t + 2227 = 0. Suppose -208 = 7*f - i. List the prime factors of f.
3, 23
Suppose 0 = -5*x + 5*q + 5725, -5*x - 2*q + 2635 = -3111. Suppose -20*l + 7092 = -x. What are the prime factors of l?
2, 103
Let y = -19821 + 34347. List the prime factors of y.
2, 3, 269
Suppose -297*f - 852573 = -2645466 - 919311. List the prime factors of f.
2, 3, 761
Suppose 0 = 3*b + 6, -9*l - 3*b - 23486 = -13*l. Suppose 73*h - 78*h = -l. List the prime factors of h.
2, 587
Let n(v) = 5*v - v**2 + 0*v**2 - 110*v**3 - 218 + 223 -